2*q + s = 17*q. What is the hundreds digit of q?
3
Let v(r) = -r**3 - 11*r**2 + 4*r + 56. Suppose 0 = 3*u - 2 + 41. What is the hundreds digit of v(u)?
3
Let f(z) = -112*z - 108. Let p be f(36). What is the units digit of ((-105)/(-175))/((-2)/p*2)?
1
Suppose 2*d + 556 = 12*z - 11*z, -3*d + 1077 = 2*z. Suppose 4*c - 4*i = -3*i + 2149, 2*i = c - z. What is the units digit of c?
6
Let w be (-30)/(-9)*504/(-30). Let l be (-14)/w + 27/4. Suppose -2340 = -5*a - l*a. What is the tens digit of a?
9
Let p be -3 - (-9)/2*6/9. Suppose -2*x - x - 15 = p, 2*x - 1950 = -5*o. What is the hundreds digit of o?
3
What is the hundreds digit of (21/(-9) + 1)*(-1)/((-8)/(-11796))?
9
Let w = -28 - -77. Let j = 53 - w. Suppose 2*v + 0*z + j*z - 152 = 0, 3*z + 81 = v. What is the tens digit of v?
7
Let v = 65 - 62. Let g be -1*(1 - -4) + 0 + v. What is the hundreds digit of (-120 - g)/(-2 - -5)*-3?
1
Let i(k) = -k**3 + 13*k**2 - 7*k. Let g be ((-45)/27)/((-3)/(216/20)). What is the tens digit of i(g)?
1
Suppose 41*j - 10 = 36*j. Suppose 3*z - j*l - 29 + 7 = 0, 3*z - 17 = l. Suppose -155 = 3*q - z*q. What is the units digit of q?
5
Suppose 11*b - 3*c - 235326 = 0, -5*b - 4*c + 31433 = -75528. What is the hundreds digit of b?
3
Let t(v) = 27*v**2 + 21*v - 134. What is the ten thousands digit of t(-25)?
1
Let o(z) = z**3 - 6*z**2 + 5*z + 6. Let t be o(5). Suppose -t*y - 1645 = -y. Let v = 590 + y. What is the hundreds digit of v?
2
Let p be (3/2)/1*(-2)/3. Let c(t) = -32*t**2 - 3*t - 1. Let l be c(p). Let q = 64 + l. What is the units digit of q?
4
Let t(f) = f**3 + 29*f**2 - 63*f - 22. Let l be t(-31). Suppose l = 3*g, 3*c - 7*c = -3*g - 2579. What is the hundreds digit of c?
6
Let z(r) = -7*r**3 - 2*r**2 + r + 3. Let k = -50 - -48. Let u be z(k). Suppose -19 = -j + 5*a + u, a = 4*j - 177. What is the tens digit of j?
4
Suppose -9*w = 8589 - 27255. What is the thousands digit of w?
2
Let r = 368 + -318. Let d = 549 + r. What is the tens digit of d?
9
What is the ten thousands digit of ((5 - -6)/(-66))/(2/(-133788)*1)?
1
What is the units digit of 119022/8 - ((-9)/(-15) + (-259)/140)?
9
Suppose -4*q = -3*i - 6853, 31*q = 26*q + 4*i + 8566. Suppose 3*b - q = 71. What is the tens digit of b?
9
Suppose -3*r - 6 = 0, 3*r - 14178 = -3*z + 13725. What is the units digit of z?
3
Suppose -g = 4*v - 4, 19*g - 18*g = v - 11. What is the hundreds digit of 602*(-2 + (-20)/g)?
3
Let k = 1641 + -235. Let y be (4 - 9/3) + (-3)/1. What is the units digit of y/(-15) + k/30?
7
Let h be (-157)/((-1)/(-4) + 0). Let m = h + 142. What is the tens digit of (-18)/(-45) - m/10?
4
Let q = 9356 - 5851. What is the thousands digit of q?
3
Suppose 11*k = 12*k - 106. Let f = -72 - -152. Suppose f = 6*c - k. What is the units digit of c?
1
What is the tens digit of ((-18)/30 - 0)*(-12128 - 2)?
7
Suppose -31*n - 4521 = -s - 35*n, -3*s + 2*n + 13563 = 0. What is the hundreds digit of s?
5
Suppose 206851 - 21545 = 83*j - 486994. What is the units digit of j?
0
Let b = 22866 - 15650. What is the thousands digit of b?
7
Let t(w) = -2*w**3 + 47*w**2 - 83*w + 22. What is the hundreds digit of t(19)?
6
Let l = -105 - -149. Let v = l + -30. Suppose 16*b - 40 = v*b. What is the tens digit of b?
2
Let i(g) = 4*g + 4341. What is the units digit of i(72)?
9
Suppose 5*i - 141359 = 3*w, -2*i + 4*w + 78191 - 21653 = 0. What is the tens digit of i?
7
Let v(b) = 3*b**3 - 5*b**2 - 2*b. Suppose c = -5*z + 131 - 22, -89 = -5*z + 4*c. Suppose 3*k = z - 12. What is the units digit of v(k)?
0
Let x = 46799 + -30045. What is the hundreds digit of x?
7
What is the hundreds digit of (-13)/(-39)*-741*(-34)/2?
1
Let b = 5769 - 5761. Let a be (88/(-10))/((-2)/10). What is the units digit of (b - 3 - 3) + a?
6
Let h be ((-9)/(-3) + -25)*(2 + 2). Let g be (-59906)/h + 1/4. Let x = -469 + g. What is the tens digit of x?
1
Suppose 266*q + 118617 = 285*q. What is the hundreds digit of q?
2
Suppose 0 = 15*c + c - 48. What is the hundreds digit of (-13)/c*(2 - 101)?
4
Let o(t) = -5*t + 4. Let w be o(-3). Suppose 5*d - w + 4 = 0. Suppose 0 = 2*m - 0*m - d*u - 21, 4*m = -4*u + 52. What is the tens digit of m?
1
Let h = -244 - -299. Suppose 17844 = -h*x + 67*x. What is the hundreds digit of x?
4
Let h be 2/(-6)*(-5 + -1). Suppose a + 0*l + 2 = -h*l, 3*a - 3*l + 24 = 0. What is the tens digit of (-14)/3 + 4 + (-886)/a?
4
Let u = 19408 + -11370. What is the thousands digit of u?
8
Suppose 19*n - 65*n = 846195 - 4392381. What is the ten thousands digit of n?
7
What is the units digit of 6 + 72/(-14) - ((-762988)/14 - 0)?
0
Suppose -16695 = -4*s - 3*z, -8531 + 29398 = 5*s + 2*z. What is the thousands digit of s?
4
Suppose -302*f + 4116931 = -3*f. What is the units digit of f?
9
Let m be 58/(-8*(-1)/3540). What is the hundreds digit of 2/(-4) - m/(-58)?
4
Suppose 23*z + 1519 = 6510. Suppose q - 2*m = 208, -11*q + z = -10*q - 5*m. What is the tens digit of q?
0
Let b(w) = w**3 + 13*w**2 - 30*w + 6. Let g be b(-15). Suppose 2*c = g, 4*d = -d + 3*c + 116. What is the units digit of d?
5
Let y(o) = 10*o**2 - 282*o - 42. What is the units digit of y(31)?
6
Let w(i) = 6*i**2 + 18*i + 18. Let h(u) = u**2 + 3. Let y(p) = 5*h(p) - w(p). What is the units digit of y(-11)?
4
Let v = -69 - -71. Suppose -s = v*f + 6, -f + 4 = -2*s + 6*s. Suppose 3*c - 74 = s*x, -8*c - 2*x - 22 = -9*c. What is the units digit of c?
6
Suppose 55 = 6*i + 19. Let r be (i/(-8) - 9/4)/1. What is the hundreds digit of 615/6 - (r - 12/(-8))?
1
Let h = 2332 - -6343. What is the tens digit of h?
7
Suppose 189660 = 6*r - 3*m, -15*r + 12*r + m = -94828. What is the tens digit of r?
0
Let p be 2 + 4 + (-6)/(-1). Suppose -1554 + 7950 = p*y. What is the tens digit of y?
3
What is the tens digit of (17 - 2717/76)*(-300)/1?
2
Let m be 11/(330/12) - 299079/(-15). Suppose m - 1699 = 24*o. What is the hundreds digit of o?
7
Let b = 44 - 3. Suppose r - 147 = b. What is the units digit of r?
8
Suppose -s - 63810 = -2*q, 5*s = -18*q + 14*q + 127578. What is the tens digit of q?
0
Suppose 206*n = -l + 201*n + 7211, -5*n - 21653 = -3*l. What is the thousands digit of l?
7
Let m(h) = 2*h**3 - 4*h**2 + h. Let u(o) = -5*o**3 + o**2 + 4*o + 2. Let v be u(-1). Suppose -2*d + v*d = 8. What is the units digit of m(d)?
8
Let j = 336 - 964. Let y = j - -913. What is the units digit of y?
5
Let d = 4608 + -1971. What is the units digit of d?
7
Let s = 381 + -382. Let l(t) = 788*t**2 - 25*t + 1. What is the tens digit of l(s)?
1
Let s(m) = -537*m**2 + 4*m + 8. Let n(g) = -536*g**2 + 2*g + 6. Let f(x) = -4*n(x) + 3*s(x). What is the hundreds digit of f(-1)?
5
Suppose 17*r = -5*z + 21*r - 30, 2*z = 2*r - 14. What is the units digit of (3 + z)/((-18)/(-6282))?
9
Let w = -183 + 187. Suppose 57 = w*l - 3*d - 2*d, -31 = -2*l + 3*d. What is the units digit of l?
8
Let l(n) = 26*n**2 + 45*n + 51. What is the hundreds digit of l(9)?
5
Suppose 8297664 - 31338150 = -519*c. What is the units digit of c?
4
What is the units digit of 64170/20*(9 - 3)?
1
Let l(n) = 55*n**2 - 5*n + 7. Let p(q) = -274*q**2 + 26*q - 34. Let w(z) = 11*l(z) + 2*p(z). Let k be w(3). Suppose 4*h - 7*h = -k. What is the tens digit of h?
7
Let z = 174 + -166. What is the tens digit of 1*662/(z/4)?
3
Let n = -266 + 408. Let p = -142 + n. Suppose -3*g = 5*a - 370, -4*a + 3*g + 296 = -p*g. What is the units digit of a?
4
Suppose 2*r - 4*c = -c + 23288, 3*c = -2*r + 23252. What is the hundreds digit of r?
6
Suppose -5*d - 212*p + 24128 = -210*p, d - 4831 = 5*p. What is the units digit of d?
6
Let g = 110 - 110. Suppose -4*c + 7*c - h - 1250 = g, -4*h - 820 = -2*c. What is the units digit of c?
8
Let b be (-8 + -2)*2*15/(-50). Suppose 21 = b*l - 15. Let z(q) = 4*q**2 - 9*q + 1. What is the tens digit of z(l)?
9
Let p(a) = -29*a + 116. Let l be p(4). Suppose -4*g + 5*j = -315, 2*j + l - 2 = 0. What is the tens digit of g?
8
Let u be 84/(-70)*25*1. Let s = u - -27. Let r(w) = w**3 + 5*w**2 - 2*w - 6. What is the units digit of r(s)?
8
Suppose 2*d + q - 15774 = 0, 0 = -22*q + 18*q + 24. What is the tens digit of d?
8
Let l(z) = 2*z**2 + 9*z + 8. Let g be l(-7). Let k(x) = x - 2. Let p be k(5). Suppose -p*i + 297 = 2*j + g, 3*j - 338 = -4*i. What is the tens digit of i?
8
What is the tens digit of (385 - 389)/(8/(-9538))?
6
Let k = 1886 - -604. What is